{"id":1000,"date":"2024-12-02T10:23:33","date_gmt":"2024-12-02T09:23:33","guid":{"rendered":"https:\/\/www.cordelia-paris-hotel.com\/new\/?page_id=1000"},"modified":"2025-12-08T20:55:54","modified_gmt":"2025-12-08T19:55:54","slug":"nos-engagements","status":"publish","type":"page","link":"https:\/\/www.cordelia-paris-hotel.com\/new\/nos-engagements\/","title":{"rendered":"Nos engagements"},"content":{"rendered":"\n\n  <div class=\"banner has-hover\" id=\"banner-1212715992\">\n          <div class=\"banner-inner fill\">\n        <div class=\"banner-bg fill\" >\n            <img fetchpriority=\"high\" decoding=\"async\" width=\"1920\" height=\"1280\" src=\"https:\/\/www.cordelia-paris-hotel.com\/new\/wp-content\/uploads\/2025\/10\/engagements-header-hotel-cordelia.jpg.jpg\" class=\"bg attachment-original size-original\" alt=\"Salon avec coin chemin\u00e9e de l&#039;h\u00f4tel Cord\u00e9lia Paris\" \/>                        <div class=\"overlay\"><\/div>            \n                    <\/div>\n\t\t\n        <div class=\"banner-layers container\">\n            <div class=\"fill banner-link\"><\/div>            \n\n   <div id=\"text-box-1254494664\" class=\"text-box banner-layer x1 md-x1 lg-x1 y95 md-y90 lg-y90 res-text\">\n              <div data-parallax=\"-1\" data-parallax-fade=\"true\">       <div data-animate=\"bounceIn\">           <div class=\"text-box-content text dark\">\n              \n              <div class=\"text-inner text-center\">\n                  \n\n\t<div id=\"text-1975463893\" class=\"text\">\n\t\t\n\n<h1 class=\"titre-rooms\">Nos Engagements<\/h1>\n\t\t\n<style>\n#text-1975463893 {\n  text-align: left;\n}\n<\/style>\n\t<\/div>\n\t\n\n              <\/div>\n           <\/div>\n       <\/div>       <\/div>              \n<style>\n#text-box-1254494664 {\n  width: 95%;\n}\n#text-box-1254494664 .text-box-content {\n  font-size: 100%;\n}\n@media (min-width:550px) {\n  #text-box-1254494664 {\n    width: 70%;\n  }\n}\n@media (min-width:850px) {\n  #text-box-1254494664 {\n    width: 100%;\n  }\n}\n<\/style>\n    <\/div>\n \n\n        <\/div>\n      <\/div>\n\n            \n<style>\n#banner-1212715992 {\n  padding-top: 262px;\n}\n#banner-1212715992 .overlay {\n  background-color: rgba(0, 0, 0, 0.2);\n}\n#banner-1212715992 .banner-bg img {\n  object-position: 68% 60%;\n}\n@media (min-width:550px) {\n  #banner-1212715992 {\n    padding-top: 56.25%;\n  }\n}\n@media (min-width:850px) {\n  #banner-1212715992 {\n    padding-top: 500px;\n  }\n}\n<\/style>\n  <\/div>\n\n\n<div class=\"row row-large\"  id=\"row-1621829360\">\n\n\n\t<div id=\"col-39308033\" class=\"col small-12 large-12\"  >\n\t\t\t\t<div class=\"col-inner text-left\"  >\n\t\t\t\n\t\t\t\n\n\t<div id=\"text-2736833330\" class=\"text\">\n\t\t\n\n<p>Dans un monde en constante \u00e9volution, la pr\u00e9servation de notre environnement est plus essentielle que jamais. Conscients de notre responsabilit\u00e9, nous avons mis en place une s\u00e9rie d&rsquo;engagements \u00e9cologiques visant \u00e0 minimiser notre impact sur la plan\u00e8te tout en garantissant le confort et le bien-\u00eatre de nos clients.<\/p>\n<p>Nous croyons fermement que chaque geste compte, qu&rsquo;il s&rsquo;agisse de former nos \u00e9quipes \u00e0 des pratiques durables, de s\u00e9lectionner des fournisseurs engag\u00e9s, ou d&rsquo;optimiser notre consommation d&rsquo;eau et d&rsquo;\u00e9nergie. De plus, nous nous engageons \u00e0 limiter et trier nos d\u00e9chets, tout en proposant des produits respectueux de l&rsquo;environnement et de la sant\u00e9.<\/p>\n<p>Cette d\u00e9marche s&rsquo;inscrit dans une volont\u00e9 d&rsquo;offrir une exp\u00e9rience unique \u00e0 nos h\u00f4tes, tout en prenant soin de notre plan\u00e8te.<\/p>\n<p>D\u00e9couvrez ci-dessous les actions concr\u00e8tes que nous mettons en \u0153uvre pour b\u00e2tir un avenir plus durable.<\/p>\n\t\t\n<style>\n#text-2736833330 {\n  text-align: left;\n}\n<\/style>\n\t<\/div>\n\t\n\n\t\t<\/div>\n\t\t\t\t\n<style>\n#col-39308033 > .col-inner {\n  padding: 0px 0px 0px 0px;\n  margin: 50px 0px 0px 0px;\n}\n<\/style>\n\t<\/div>\n\n\t\n\n<\/div>\n<div class=\"row row-large align-center\"  id=\"row-1755079401\">\n\n\n\t<div id=\"col-1657734259\" class=\"col medium-10 small-12 large-10\"  >\n\t\t\t\t<div class=\"col-inner text-left\"  >\n\t\t\t\n\t\t\t\n\n\t<div id=\"text-3661584386\" class=\"text\">\n\t\t\n\n<h2 style=font-size:80px; line-height:80px;>Sensibiliser nos \u00e9quipes<br \/>\n<span>et nos fournisseurs<\/span><\/h2>\n\t\t\n<style>\n#text-3661584386 {\n  text-align: center;\n}\n<\/style>\n\t<\/div>\n\t\n\t<div class=\"img has-hover x md-x lg-x y md-y lg-y\" id=\"image_1322890244\">\n\t\t\t\t\t\t\t\t<div class=\"img-inner image-cover dark\" style=\"padding-top:56.25%;\">\n\t\t\t<img decoding=\"async\" width=\"1536\" height=\"1024\" src=\"https:\/\/www.cordelia-paris-hotel.com\/new\/wp-content\/uploads\/2025\/10\/engagements-1-sensibiliser-hotel-cordelia-1536x1024.jpg\" class=\"attachment-1536x1536 size-1536x1536\" alt=\"Nos engagements nature H\u00f4tel Cord\u00e9lia Paris\" srcset=\"https:\/\/www.cordelia-paris-hotel.com\/new\/wp-content\/uploads\/2025\/10\/engagements-1-sensibiliser-hotel-cordelia-1536x1024.jpg 1536w, https:\/\/www.cordelia-paris-hotel.com\/new\/wp-content\/uploads\/2025\/10\/engagements-1-sensibiliser-hotel-cordelia-300x200.jpg 300w, https:\/\/www.cordelia-paris-hotel.com\/new\/wp-content\/uploads\/2025\/10\/engagements-1-sensibiliser-hotel-cordelia-1024x683.jpg 1024w, https:\/\/www.cordelia-paris-hotel.com\/new\/wp-content\/uploads\/2025\/10\/engagements-1-sensibiliser-hotel-cordelia-768x512.jpg 768w, https:\/\/www.cordelia-paris-hotel.com\/new\/wp-content\/uploads\/2025\/10\/engagements-1-sensibiliser-hotel-cordelia.jpg 1920w\" sizes=\"(max-width: 1536px) 100vw, 1536px\" \/>\t\t\t\t\t\t\n\t\t\t\t\t<\/div>\n\t\t\t\t\t\t\t\t\n<style>\n#image_1322890244 {\n  width: 100%;\n}\n<\/style>\n\t<\/div>\n\t\n\n\n\t\t<\/div>\n\t\t\t\t\n<style>\n#col-1657734259 > .col-inner {\n  padding: 0px 0px 0px 0px;\n  margin: 30px 0px 0px 0px;\n}\n<\/style>\n\t<\/div>\n\n\t\n\n\t<div id=\"col-1585649426\" class=\"col medium-8 small-12 large-8\"  >\n\t\t\t\t<div class=\"col-inner\"  >\n\t\t\t\n\t\t\t\n\n<p>&#8211; Nos e\u0301quipes sont forme\u0301es au <strong>respect des e\u0301co-gestes<\/strong> dans leurs ta\u0302ches quotidiennes.<br \/>&#8211; Nous choisissons nos prestataires et fournisseurs en fonction de leurs <strong>engagements durables et sociaux<\/strong>.<\/p>\n\n\t\t<\/div>\n\t\t\t\t\n<style>\n#col-1585649426 > .col-inner {\n  margin: 50px 0px 0px 0px;\n}\n<\/style>\n\t<\/div>\n\n\t\n\n<\/div>\n<div class=\"row row-large align-center\"  id=\"row-611508294\">\n\n\n\t<div id=\"col-16362553\" class=\"col medium-10 small-12 large-10\"  >\n\t\t\t\t<div class=\"col-inner text-left\"  >\n\t\t\t\n\t\t\t\n\n\t<div id=\"text-2289821851\" class=\"text\">\n\t\t\n\n<h2 style=font-size:80px; line-height:80px;>Economiser l&rsquo;eau <br \/>\n<span>et l&rsquo;\u00e9nergie<\/span><\/h2>\n\t\t\n<style>\n#text-2289821851 {\n  text-align: center;\n}\n<\/style>\n\t<\/div>\n\t\n\t<div class=\"img has-hover x md-x lg-x y md-y lg-y\" id=\"image_1736387326\">\n\t\t\t\t\t\t\t\t<div class=\"img-inner image-cover dark\" style=\"padding-top:56.25%;\">\n\t\t\t<img decoding=\"async\" width=\"1536\" height=\"1024\" src=\"https:\/\/www.cordelia-paris-hotel.com\/new\/wp-content\/uploads\/2025\/10\/engagements-2-economiser-hotel-cordelia-1536x1024.jpg\" class=\"attachment-1536x1536 size-1536x1536\" alt=\"La Seine Paris\" srcset=\"https:\/\/www.cordelia-paris-hotel.com\/new\/wp-content\/uploads\/2025\/10\/engagements-2-economiser-hotel-cordelia-1536x1024.jpg 1536w, https:\/\/www.cordelia-paris-hotel.com\/new\/wp-content\/uploads\/2025\/10\/engagements-2-economiser-hotel-cordelia-300x200.jpg 300w, https:\/\/www.cordelia-paris-hotel.com\/new\/wp-content\/uploads\/2025\/10\/engagements-2-economiser-hotel-cordelia-1024x683.jpg 1024w, https:\/\/www.cordelia-paris-hotel.com\/new\/wp-content\/uploads\/2025\/10\/engagements-2-economiser-hotel-cordelia-768x512.jpg 768w, https:\/\/www.cordelia-paris-hotel.com\/new\/wp-content\/uploads\/2025\/10\/engagements-2-economiser-hotel-cordelia.jpg 1920w\" sizes=\"(max-width: 1536px) 100vw, 1536px\" \/>\t\t\t\t\t\t\n\t\t\t\t\t<\/div>\n\t\t\t\t\t\t\t\t\n<style>\n#image_1736387326 {\n  width: 100%;\n}\n<\/style>\n\t<\/div>\n\t\n\n\n\t\t<\/div>\n\t\t\t\t\n<style>\n#col-16362553 > .col-inner {\n  padding: 0px 0px 0px 0px;\n  margin: 30px 0px 0px 0px;\n}\n<\/style>\n\t<\/div>\n\n\t\n\n\t<div id=\"col-2002081070\" class=\"col medium-8 small-12 large-8\"  >\n\t\t\t\t<div class=\"col-inner\"  >\n\t\t\t\n\t\t\t\n\n<p>&#8211; Nous avons installe\u0301 des <strong>e\u0301conomiseurs d&rsquo;eau<\/strong> sur nos robinets et douches pour e\u0301conomiser l&rsquo;eau.<br \/>&#8211; Tous nos e\u0301clairages sont des LED, ce qui permet des <strong>e\u0301conomies d&rsquo;e\u0301nergie<\/strong> et un confort similaire pour nos clients.<br \/>&#8211; Nous avons installe\u0301 des de\u0301tecteurs de pre\u0301sence \/ minuteries dans les parties communes \/ couloirs pour <strong>limiter le gaspillage d&rsquo;e\u0301nergie<\/strong>.<br \/>&#8211; Dans un <strong>souci de pre\u0301servation de l\u2019environnement<\/strong> et d\u2019e\u0301conomies importantes d\u2019eau et d\u2019e\u0301nergie, nos ho\u0302tes ont la possibilite\u0301 de ne pas changer leurs draps &amp; serviettes quotidiennement.<\/p>\n\n\t\t<\/div>\n\t\t\t\t\n<style>\n#col-2002081070 > .col-inner {\n  margin: 50px 0px 0px 0px;\n}\n<\/style>\n\t<\/div>\n\n\t\n\n<\/div>\n<div class=\"row row-large align-center\"  id=\"row-1961771820\">\n\n\n\t<div id=\"col-1060225807\" class=\"col medium-10 small-12 large-10\"  >\n\t\t\t\t<div class=\"col-inner text-left\"  >\n\t\t\t\n\t\t\t\n\n\t<div id=\"text-4203659067\" class=\"text\">\n\t\t\n\n<h2 style=\"font-size:80px; line-height:100%; margin-top:50px;\">Limiter et trier<br \/>\nnos <span> d\u00e9chets<\/span><\/h2>\n\t\t\n<style>\n#text-4203659067 {\n  text-align: center;\n}\n<\/style>\n\t<\/div>\n\t\n\t<div class=\"img has-hover x md-x lg-x y md-y lg-y\" id=\"image_77263135\">\n\t\t\t\t\t\t\t\t<div class=\"img-inner image-cover dark\" style=\"padding-top:56.25%;\">\n\t\t\t<img loading=\"lazy\" decoding=\"async\" width=\"1536\" height=\"1024\" src=\"https:\/\/www.cordelia-paris-hotel.com\/new\/wp-content\/uploads\/2025\/10\/engagements-3-trier-hotel-cordelia-1536x1024.jpg\" class=\"attachment-1536x1536 size-1536x1536\" alt=\"H\u00f4tel Cord\u00e9lia Paris\" srcset=\"https:\/\/www.cordelia-paris-hotel.com\/new\/wp-content\/uploads\/2025\/10\/engagements-3-trier-hotel-cordelia-1536x1024.jpg 1536w, https:\/\/www.cordelia-paris-hotel.com\/new\/wp-content\/uploads\/2025\/10\/engagements-3-trier-hotel-cordelia-300x200.jpg 300w, https:\/\/www.cordelia-paris-hotel.com\/new\/wp-content\/uploads\/2025\/10\/engagements-3-trier-hotel-cordelia-1024x683.jpg 1024w, https:\/\/www.cordelia-paris-hotel.com\/new\/wp-content\/uploads\/2025\/10\/engagements-3-trier-hotel-cordelia-768x512.jpg 768w, https:\/\/www.cordelia-paris-hotel.com\/new\/wp-content\/uploads\/2025\/10\/engagements-3-trier-hotel-cordelia.jpg 1920w\" sizes=\"(max-width: 1536px) 100vw, 1536px\" \/>\t\t\t\t\t\t\n\t\t\t\t\t<\/div>\n\t\t\t\t\t\t\t\t\n<style>\n#image_77263135 {\n  width: 100%;\n}\n<\/style>\n\t<\/div>\n\t\n\n\n\t\t<\/div>\n\t\t\t\t\n<style>\n#col-1060225807 > .col-inner {\n  padding: 0px 0px 0px 0px;\n  margin: 30px 0px 0px 0px;\n}\n<\/style>\n\t<\/div>\n\n\t\n\n\t<div id=\"col-1452169325\" class=\"col medium-8 small-12 large-8\"  >\n\t\t\t\t<div class=\"col-inner\"  >\n\t\t\t\n\t\t\t\n\n<p>&#8211; <strong>Nos e\u0301quipes trient le contenu des poubelles<\/strong> de chambres : le verre, le plastique et le carton sont ainsi trie\u0301s pour e\u0302tre recycle\u0301s par la suite.<br \/>&#8211; Nous travaillons avec une majorite\u0301 de produits en vrac ou en grand conditionnement pour <strong>limiter les emballages inutiles<\/strong> que ce soit pour le petit de\u0301jeuner ou les produits d\u2019entretien.<br \/>&#8211; <strong>Remplacement des bouteilles d\u2019eau mine\u0301rale jetables<\/strong> par des bouteilles d\u2019eau filtre\u0301e en partenariat avec BeWTR.<\/p>\n\n\t\t<\/div>\n\t\t\t\t\n<style>\n#col-1452169325 > .col-inner {\n  margin: 50px 0px 0px 0px;\n}\n<\/style>\n\t<\/div>\n\n\t\n\n<\/div>\n<div class=\"row row-large align-center\"  id=\"row-402669957\">\n\n\n\t<div id=\"col-75694804\" class=\"col medium-10 small-12 large-10\"  >\n\t\t\t\t<div class=\"col-inner text-left\"  >\n\t\t\t\n\t\t\t\n\n\t<div id=\"text-738832749\" class=\"text\">\n\t\t\n\n<h2 style=\"font-size:80px; line-height:100%; margin-top:50px;\">\u00catre attentif au<br \/>\n<span>bien-\u00eatre <\/span><br \/>\nde nos clients<\/h2>\n\t\t\n<style>\n#text-738832749 {\n  text-align: center;\n}\n<\/style>\n\t<\/div>\n\t\n\t<div class=\"img has-hover x md-x lg-x y md-y lg-y\" id=\"image_881635445\">\n\t\t\t\t\t\t\t\t<div class=\"img-inner image-cover dark\" style=\"padding-top:56.25%;\">\n\t\t\t<img loading=\"lazy\" decoding=\"async\" width=\"1536\" height=\"1024\" src=\"https:\/\/www.cordelia-paris-hotel.com\/new\/wp-content\/uploads\/2025\/10\/engagements-4-attentif-hotel-cordelia-1536x1024.jpg\" class=\"attachment-1536x1536 size-1536x1536\" alt=\"Petit-d\u00e9jeuner \u00e0 l&#039;h\u00f4tel Cord\u00e9lia Paris\" srcset=\"https:\/\/www.cordelia-paris-hotel.com\/new\/wp-content\/uploads\/2025\/10\/engagements-4-attentif-hotel-cordelia-1536x1024.jpg 1536w, https:\/\/www.cordelia-paris-hotel.com\/new\/wp-content\/uploads\/2025\/10\/engagements-4-attentif-hotel-cordelia-300x200.jpg 300w, https:\/\/www.cordelia-paris-hotel.com\/new\/wp-content\/uploads\/2025\/10\/engagements-4-attentif-hotel-cordelia-1024x683.jpg 1024w, https:\/\/www.cordelia-paris-hotel.com\/new\/wp-content\/uploads\/2025\/10\/engagements-4-attentif-hotel-cordelia-768x512.jpg 768w, https:\/\/www.cordelia-paris-hotel.com\/new\/wp-content\/uploads\/2025\/10\/engagements-4-attentif-hotel-cordelia.jpg 1920w\" sizes=\"(max-width: 1536px) 100vw, 1536px\" \/>\t\t\t\t\t\t\n\t\t\t\t\t<\/div>\n\t\t\t\t\t\t\t\t\n<style>\n#image_881635445 {\n  width: 100%;\n}\n<\/style>\n\t<\/div>\n\t\n\n\n\t\t<\/div>\n\t\t\t\t\n<style>\n#col-75694804 > .col-inner {\n  padding: 0px 0px 0px 0px;\n  margin: 30px 0px 0px 0px;\n}\n<\/style>\n\t<\/div>\n\n\t\n\n\t<div id=\"col-1783426357\" class=\"col medium-8 small-12 large-8\"  >\n\t\t\t\t<div class=\"col-inner\"  >\n\t\t\t\n\t\t\t\n\n<p>Pour notre petit de\u0301jeuner, nous proposons des produits locaux et de saison, des produits bio et\/ou issus du commerce e\u0301quitable, et nous nous adaptons a\u0300 certains re\u0301gimes particuliers.<\/p>\n\n\t\t<\/div>\n\t\t\t\t\n<style>\n#col-1783426357 > .col-inner {\n  margin: 50px 0px 0px 0px;\n}\n<\/style>\n\t<\/div>\n\n\t\n\n<\/div>\n<div class=\"row row-large align-center\"  id=\"row-114646742\">\n\n\n\t<div id=\"col-1014634234\" class=\"col medium-10 small-12 large-10\"  >\n\t\t\t\t<div class=\"col-inner text-left\"  >\n\t\t\t\n\t\t\t\n\n\t<div id=\"text-1855769859\" class=\"text\">\n\t\t\n\n<h2 style=\"font-size:80px; line-height:100%; margin-top:50px;\">Nettoyage<br \/>\n<span>\u00e9cologique et sain<\/span><\/h2>\n\t\t\n<style>\n#text-1855769859 {\n  text-align: center;\n}\n<\/style>\n\t<\/div>\n\t\n\t<div class=\"img has-hover x md-x lg-x y md-y lg-y\" id=\"image_1303112276\">\n\t\t\t\t\t\t\t\t<div class=\"img-inner image-cover dark\" style=\"padding-top:56.25%;\">\n\t\t\t<img loading=\"lazy\" decoding=\"async\" width=\"1536\" height=\"1024\" src=\"https:\/\/www.cordelia-paris-hotel.com\/new\/wp-content\/uploads\/2025\/10\/engagements-5-nettoyage-hotel-cordelia.jpg-1536x1024.jpg\" class=\"attachment-1536x1536 size-1536x1536\" alt=\"Les engagements nettoyage de l&#039;h\u00f4tel Cord\u00e9lia Paris\" srcset=\"https:\/\/www.cordelia-paris-hotel.com\/new\/wp-content\/uploads\/2025\/10\/engagements-5-nettoyage-hotel-cordelia.jpg-1536x1024.jpg 1536w, https:\/\/www.cordelia-paris-hotel.com\/new\/wp-content\/uploads\/2025\/10\/engagements-5-nettoyage-hotel-cordelia.jpg-300x200.jpg 300w, https:\/\/www.cordelia-paris-hotel.com\/new\/wp-content\/uploads\/2025\/10\/engagements-5-nettoyage-hotel-cordelia.jpg-1024x683.jpg 1024w, https:\/\/www.cordelia-paris-hotel.com\/new\/wp-content\/uploads\/2025\/10\/engagements-5-nettoyage-hotel-cordelia.jpg-768x512.jpg 768w, https:\/\/www.cordelia-paris-hotel.com\/new\/wp-content\/uploads\/2025\/10\/engagements-5-nettoyage-hotel-cordelia.jpg.jpg 1920w\" sizes=\"(max-width: 1536px) 100vw, 1536px\" \/>\t\t\t\t\t\t\n\t\t\t\t\t<\/div>\n\t\t\t\t\t\t\t\t\n<style>\n#image_1303112276 {\n  width: 100%;\n}\n<\/style>\n\t<\/div>\n\t\n\n\n\t\t<\/div>\n\t\t\t\t\n<style>\n#col-1014634234 > .col-inner {\n  padding: 0px 0px 0px 0px;\n  margin: 30px 0px 0px 0px;\n}\n<\/style>\n\t<\/div>\n\n\t\n\n\t<div id=\"col-1486282272\" class=\"col medium-8 small-12 large-8\"  >\n\t\t\t\t<div class=\"col-inner\"  >\n\t\t\t\n\t\t\t\n\n<p>&#8211; Formation du personnel a\u0300 l\u2019utilisation du <strong>nettoyage a\u0300 la vapeur se\u0300che<\/strong> sans produits chimiques.<br \/>&#8211; Les produits utilise\u0301s pour l&rsquo;entretien des locaux sont <strong>e\u0301colabellise\u0301s<\/strong>, ce qui offre une meilleure <strong>qualite\u0301 de l&rsquo;air<\/strong> et moins de risques pour la sante\u0301.<br \/>&#8211; Pour le <strong>bien-e\u0302tre de nos e\u0301quipes et le vo\u0302tre<\/strong>, nous avons banni l&rsquo;eau de javel, irritante pour les voies respiratoires et toxique.<br \/>&#8211; Nous utilisons des <strong>produits respectueux de l\u2019environnement et de la sante\u0301<\/strong>.<\/p>\n\n\t\t<\/div>\n\t\t\t\t\n<style>\n#col-1486282272 > .col-inner {\n  margin: 50px 0px 0px 0px;\n}\n<\/style>\n\t<\/div>\n\n\t\n\n<\/div>\n<div class=\"row\"  id=\"row-486338583\">\n\n\n\t<div id=\"col-1051492906\" class=\"col small-12 large-12\"  >\n\t\t\t\t<div class=\"col-inner text-center\"  >\n\t\t\t\n\t\t\t\n\n<a href=\"https:\/\/www.secure-hotel-booking.com\/Hotel-Cordelia\/21V3\/dateselection?language=FR\" target=\"_blank\" class=\"button secondary\" rel=\"noopener\"  style=\"border-radius:5px;padding:7px 80px 7px 80px;\">\n\t\t<span>R\u00e9server une chambre<\/span>\n\t<\/a>\n\n\n\n\t\t<\/div>\n\t\t\t\t\t<\/div>\n\n\t\n\n<\/div>\n\n","protected":false},"excerpt":{"rendered":"","protected":false},"author":1,"featured_media":0,"parent":0,"menu_order":0,"comment_status":"closed","ping_status":"closed","template":"page-transparent-header-light.php","meta":{"_acf_changed":false,"footnotes":""},"class_list":["post-1000","page","type-page","status-publish","hentry"],"acf":[],"yoast_head":"<!-- This site is optimized with the Yoast SEO plugin v27.4 - https:\/\/yoast.com\/product\/yoast-seo-wordpress\/ -->\n<title>Les engagements du Cord\u00e9lia pour pr\u00e9server l&#039;environnement.<\/title>\n<meta name=\"description\" content=\"Nos engagements \u00e9cologiques visant \u00e0 minimiser notre impact sur la plan\u00e8te tout en garantissant le confort et le bien-\u00eatre de nos clients.\" \/>\n<meta name=\"robots\" content=\"noindex, follow, max-snippet:-1, max-image-preview:large, max-video-preview:-1\" \/>\n<meta property=\"og:locale\" content=\"fr_FR\" \/>\n<meta property=\"og:type\" content=\"article\" \/>\n<meta property=\"og:title\" content=\"Les engagements du Cord\u00e9lia pour pr\u00e9server l&#039;environnement.\" \/>\n<meta property=\"og:description\" content=\"Nos engagements \u00e9cologiques visant \u00e0 minimiser notre impact sur la plan\u00e8te tout en garantissant le confort et le bien-\u00eatre de nos clients.\" \/>\n<meta property=\"og:url\" content=\"https:\/\/www.cordelia-paris-hotel.com\/new\/nos-engagements\/\" \/>\n<meta property=\"og:site_name\" content=\"H\u00f4tel Cord\u00e9lia\" \/>\n<meta property=\"article:modified_time\" content=\"2025-12-08T19:55:54+00:00\" \/>\n<meta name=\"twitter:card\" content=\"summary_large_image\" \/>\n<meta name=\"twitter:label1\" content=\"Dur\u00e9e de lecture estim\u00e9e\" \/>\n\t<meta name=\"twitter:data1\" content=\"4 minutes\" \/>\n<script type=\"application\/ld+json\" class=\"yoast-schema-graph\">{\"@context\":\"https:\\\/\\\/schema.org\",\"@graph\":[{\"@type\":\"WebPage\",\"@id\":\"https:\\\/\\\/www.cordelia-paris-hotel.com\\\/new\\\/nos-engagements\\\/\",\"url\":\"https:\\\/\\\/www.cordelia-paris-hotel.com\\\/new\\\/nos-engagements\\\/\",\"name\":\"Les engagements du Cord\u00e9lia pour pr\u00e9server l'environnement.\",\"isPartOf\":{\"@id\":\"https:\\\/\\\/www.cordelia-paris-hotel.com\\\/new\\\/#website\"},\"datePublished\":\"2024-12-02T09:23:33+00:00\",\"dateModified\":\"2025-12-08T19:55:54+00:00\",\"description\":\"Nos engagements \u00e9cologiques visant \u00e0 minimiser notre impact sur la plan\u00e8te tout en garantissant le confort et le bien-\u00eatre de nos clients.\",\"breadcrumb\":{\"@id\":\"https:\\\/\\\/www.cordelia-paris-hotel.com\\\/new\\\/nos-engagements\\\/#breadcrumb\"},\"inLanguage\":\"fr-FR\",\"potentialAction\":[{\"@type\":\"ReadAction\",\"target\":[\"https:\\\/\\\/www.cordelia-paris-hotel.com\\\/new\\\/nos-engagements\\\/\"]}]},{\"@type\":\"BreadcrumbList\",\"@id\":\"https:\\\/\\\/www.cordelia-paris-hotel.com\\\/new\\\/nos-engagements\\\/#breadcrumb\",\"itemListElement\":[{\"@type\":\"ListItem\",\"position\":1,\"name\":\"Accueil\",\"item\":\"https:\\\/\\\/www.cordelia-paris-hotel.com\\\/new\\\/\"},{\"@type\":\"ListItem\",\"position\":2,\"name\":\"Nos engagements\"}]},{\"@type\":\"WebSite\",\"@id\":\"https:\\\/\\\/www.cordelia-paris-hotel.com\\\/new\\\/#website\",\"url\":\"https:\\\/\\\/www.cordelia-paris-hotel.com\\\/new\\\/\",\"name\":\"H\u00f4tel Cord\u00e9lia\",\"description\":\"\",\"potentialAction\":[{\"@type\":\"SearchAction\",\"target\":{\"@type\":\"EntryPoint\",\"urlTemplate\":\"https:\\\/\\\/www.cordelia-paris-hotel.com\\\/new\\\/?s={search_term_string}\"},\"query-input\":{\"@type\":\"PropertyValueSpecification\",\"valueRequired\":true,\"valueName\":\"search_term_string\"}}],\"inLanguage\":\"fr-FR\"}]}<\/script>\n<!-- \/ Yoast SEO plugin. -->","yoast_head_json":{"title":"Les engagements du Cord\u00e9lia pour pr\u00e9server l'environnement.","description":"Nos engagements \u00e9cologiques visant \u00e0 minimiser notre impact sur la plan\u00e8te tout en garantissant le confort et le bien-\u00eatre de nos clients.","robots":{"index":"noindex","follow":"follow","max-snippet":"max-snippet:-1","max-image-preview":"max-image-preview:large","max-video-preview":"max-video-preview:-1"},"og_locale":"fr_FR","og_type":"article","og_title":"Les engagements du Cord\u00e9lia pour pr\u00e9server l'environnement.","og_description":"Nos engagements \u00e9cologiques visant \u00e0 minimiser notre impact sur la plan\u00e8te tout en garantissant le confort et le bien-\u00eatre de nos clients.","og_url":"https:\/\/www.cordelia-paris-hotel.com\/new\/nos-engagements\/","og_site_name":"H\u00f4tel Cord\u00e9lia","article_modified_time":"2025-12-08T19:55:54+00:00","twitter_card":"summary_large_image","twitter_misc":{"Dur\u00e9e de lecture estim\u00e9e":"4 minutes"},"schema":{"@context":"https:\/\/schema.org","@graph":[{"@type":"WebPage","@id":"https:\/\/www.cordelia-paris-hotel.com\/new\/nos-engagements\/","url":"https:\/\/www.cordelia-paris-hotel.com\/new\/nos-engagements\/","name":"Les engagements du Cord\u00e9lia pour pr\u00e9server l'environnement.","isPartOf":{"@id":"https:\/\/www.cordelia-paris-hotel.com\/new\/#website"},"datePublished":"2024-12-02T09:23:33+00:00","dateModified":"2025-12-08T19:55:54+00:00","description":"Nos engagements \u00e9cologiques visant \u00e0 minimiser notre impact sur la plan\u00e8te tout en garantissant le confort et le bien-\u00eatre de nos clients.","breadcrumb":{"@id":"https:\/\/www.cordelia-paris-hotel.com\/new\/nos-engagements\/#breadcrumb"},"inLanguage":"fr-FR","potentialAction":[{"@type":"ReadAction","target":["https:\/\/www.cordelia-paris-hotel.com\/new\/nos-engagements\/"]}]},{"@type":"BreadcrumbList","@id":"https:\/\/www.cordelia-paris-hotel.com\/new\/nos-engagements\/#breadcrumb","itemListElement":[{"@type":"ListItem","position":1,"name":"Accueil","item":"https:\/\/www.cordelia-paris-hotel.com\/new\/"},{"@type":"ListItem","position":2,"name":"Nos engagements"}]},{"@type":"WebSite","@id":"https:\/\/www.cordelia-paris-hotel.com\/new\/#website","url":"https:\/\/www.cordelia-paris-hotel.com\/new\/","name":"H\u00f4tel Cord\u00e9lia","description":"","potentialAction":[{"@type":"SearchAction","target":{"@type":"EntryPoint","urlTemplate":"https:\/\/www.cordelia-paris-hotel.com\/new\/?s={search_term_string}"},"query-input":{"@type":"PropertyValueSpecification","valueRequired":true,"valueName":"search_term_string"}}],"inLanguage":"fr-FR"}]}},"_links":{"self":[{"href":"https:\/\/www.cordelia-paris-hotel.com\/new\/wp-json\/wp\/v2\/pages\/1000","targetHints":{"allow":["GET"]}}],"collection":[{"href":"https:\/\/www.cordelia-paris-hotel.com\/new\/wp-json\/wp\/v2\/pages"}],"about":[{"href":"https:\/\/www.cordelia-paris-hotel.com\/new\/wp-json\/wp\/v2\/types\/page"}],"author":[{"embeddable":true,"href":"https:\/\/www.cordelia-paris-hotel.com\/new\/wp-json\/wp\/v2\/users\/1"}],"replies":[{"embeddable":true,"href":"https:\/\/www.cordelia-paris-hotel.com\/new\/wp-json\/wp\/v2\/comments?post=1000"}],"version-history":[{"count":30,"href":"https:\/\/www.cordelia-paris-hotel.com\/new\/wp-json\/wp\/v2\/pages\/1000\/revisions"}],"predecessor-version":[{"id":2599,"href":"https:\/\/www.cordelia-paris-hotel.com\/new\/wp-json\/wp\/v2\/pages\/1000\/revisions\/2599"}],"wp:attachment":[{"href":"https:\/\/www.cordelia-paris-hotel.com\/new\/wp-json\/wp\/v2\/media?parent=1000"}],"curies":[{"name":"wp","href":"https:\/\/api.w.org\/{rel}","templated":true}]}}